factors of h?
37
Suppose b - 3*f = 48 + 45, -4*f - 412 = -4*b. Let v = b + -53. Suppose 4*r = -15 + v. What are the prime factors of r?
2, 5
Suppose 0 = -3*u + 5*u + 2. Let j be u/(2/(-95 - 3)). Suppose -3*h = 7 - j. List the prime factors of h.
2, 7
Let q(m) = -9*m + 7. List the prime factors of q(-5).
2, 13
Let q(n) = n**3 - 7*n**2 + n - 4. Let l be q(7). Let f be (-452)/6 + (-2)/l. What are the prime factors of 2/(-6) - f/12?
2, 3
Suppose -3*v - 4 + 7 = 0. Let t be (-15)/(-6)*(1 + v). Suppose q = t*q - 40. What are the prime factors of q?
2, 5
Let i(s) be the third derivative of -1/4*s**4 + 0 - 1/60*s**5 + s**2 + 0*s + 1/6*s**3. List the prime factors of i(-4).
3
Suppose -21 = -5*t + 4*k, t + 0*t = 4*k + 17. Suppose 3*z = -z + 4, -t = -3*u - 4*z. List the prime factors of ((-2)/5)/(u/30).
2, 3
Let u = 18 + -19. List the prime factors of -2*1*14/u.
2, 7
Let r be (-35)/(-10)*(-1 + -1). Let x = r + 2. What are the prime factors of x*2*(-2)/4?
5
Let z(v) = v**2 + 10*v - 9. Let t be z(-10). Let c(l) = -l + 1. Let y(h) = 2*h - 6. Let u(q) = -c(q) - y(q). List the prime factors of u(t).
2, 7
List the prime factors of ((3 - 3) + -5)*(1 + -35).
2, 5, 17
Let p be 47/6 - 4/(-24). List the prime factors of -2 + -4 + p - -48.
2, 5
Suppose 0 = 2*x - 3*t + 5*t - 94, -x - 4*t + 41 = 0. What are the prime factors of x?
7
Suppose w + 12 = -5*q, -w = -5*w - 4*q - 16. Let j = 0 - w. List the prime factors of j/6 + 96/9.
11
Suppose 4*s + c - 14 = 0, 14 = -3*s + 5*s + 4*c. Suppose -4*i + x = -2*x - 77, -64 = -s*i - 4*x. What are the prime factors of i?
2, 5
Let s be (3/(-4))/((-10)/(-80)). What are the prime factors of 57/11 + s/33?
5
Let r = -100 + 200. What are the prime factors of r?
2, 5
Let x = -17 + 21. List the prime factors of x/(-6)*105/(-14).
5
Let v be (-10)/4 + 2/(-4). Let h = v + 0. Let x = h - -5. What are the prime factors of x?
2
Let u(l) be the third derivative of l**6/120 + l**5/10 - l**4/4 - 3*l**3/2 - 6*l**2. What are the prime factors of u(-6)?
3
Suppose -3*o + 2 = -7. Suppose 15 = -o*y, 0 = 4*t - y + 5*y + 48. Let m = t - -10. List the prime factors of m.
3
Suppose -3*z + 27 = 3*s, 2*s + 4*z - 27 = -s. Let g(q) = 2*q - 4*q**2 + 0*q - q**3 + 8 - s. What are the prime factors of g(-5)?
2, 7
Let j = 18 - 11. Suppose -2*z + 3*z = -j. Let a = z - -21. List the prime factors of a.
2, 7
Let r(s) = s**3 - s**2 - 4*s + 2. Let a = -5 - -8. Let p be r(a). List the prime factors of p/(-10)*15/(-2).
2, 3
Let y be ((-10)/(-25))/(1/(-5)). Let b = y - -17. List the prime factors of b.
3, 5
Let h(c) = 3*c**2 + c - 15. List the prime factors of h(4).
37
Let d = 84 - 50. Suppose -13*u + d = -11*u. What are the prime factors of u?
17
Suppose -7 - 3 = 2*p + 5*l, -3*p - 2 = l. Suppose -2*x - 4*c + 26 = p, 2*x = 5*c + 13 + 40. List the prime factors of x.
19
Let z(y) = -2*y + 1. Let a be z(1). Let c be (a/(-3))/(9/54). Suppose -c*d + 0*d + 24 = 0. What are the prime factors of d?
2, 3
Suppose -4*p + 3*p = -36. Suppose 4*j + 4 = p. What are the prime factors of j?
2
Let x(u) = -u**2 + 2*u - 3. Let p be x(0). Let r(n) = -4 - 4*n**2 - n - 4*n**3 + 3*n**3 + 2*n**2. What are the prime factors of r(p)?
2
Suppose v + 0*v = 8. Suppose v*x + 25 = 3*x, 0 = 5*n + 3*x - 95. What are the prime factors of n?
2, 11
Let q be ((-3)/(-2) + -1)*34. Let v = q + -11. What are the prime factors of v?
2, 3
Suppose -4*i + 2*i - 5*z = -61, 0 = -5*i + 2*z + 196. List the prime factors of 3/6 + i/4.
2, 5
Let k(c) = 2*c**3 - 4*c**2 + c**3 - c - 2*c**3. Let v be k(5). Suppose -2*t + 0 = -v. List the prime factors of t.
2, 5
Let s be (-2)/(-2) - 3/(-3). Suppose -5*r + 2*b + 118 = 0, s*r = -0*b - b + 49. What are the prime factors of r?
2, 3
Suppose 0*p = 2*p - 138. Suppose -3*c + p = 5*o - 0*c, -2*o - 4*c = -22. What are the prime factors of o?
3, 5
Let d = -2 - -6. Suppose -5*u + 40 = d*l, 5*u = -7 + 27. What are the prime factors of l?
5
Let d(b) = -8*b - 3. Let v = 13 - 16. List the prime factors of d(v).
3, 7
Suppose -234 = -16*h - 42. What are the prime factors of h?
2, 3
Suppose -j = -i + 3, i = 5*i - 16. Let b = j - -1. Suppose 0 = -l - 4*r - 2 + 4, 4 = b*l - 4*r. What are the prime factors of l?
2
Let q(x) = -x**2 - 8*x + 12. Let t be q(-9). What are the prime factors of (-112)/(-6) + 1/t?
19
Let t = 1 - -3. Suppose 3*i + t*n + 100 = 0, -n + 0*n - 60 = 2*i. Let v = -15 - i. List the prime factors of v.
13
Suppose -4*a = 5*u - 3*a - 5, 25 = -4*u + 5*a. Suppose -4*i + 2*i + 22 = u. What are the prime factors of i?
11
Suppose 0*n = 5*f - 2*n - 369, 0 = 5*f - 4*n - 373. List the prime factors of f.
73
Suppose -2*c - 3*f = 6, 0 = -c - f - 1. Let u be 11/c + (-4)/(-12). Suppose 20 = u*o - 2*o. What are the prime factors of o?
2, 5
Suppose 6*o - o = 20. Let r(q) = 0 + 3*q + 1 + 4. List the prime factors of r(o).
17
Let j = -2 - -5. Suppose -3*d = -5*u + 2*u - 48, j*d - u - 40 = 0. What are the prime factors of d?
2, 3
Let u = 6 + -6. Suppose -b - 114 = -5*o, 5*o = -u*o - 5*b + 90. List the prime factors of o.
2, 11
What are the prime factors of 1/(-4*4/(-80))?
5
Let j = 139 - 52. What are the prime factors of j?
3, 29
Let q be ((-3)/6)/((-2)/(-4)). Let h be 1 - (2 - (q - -2)). Suppose h = -r + 2*r - 10. List the prime factors of r.
2, 5
Let j be (2/(-5))/((-2)/20). Suppose -7*d = -j*d - 18. What are the prime factors of d?
2, 3
What are the prime factors of 134 + 1 + (0 - 2)?
7, 19
Let p(z) = -10*z**3 + 2*z**2 + 2*z + 1. Let j be 5/(15/6)*1. Let d = j + -3. List the prime factors of p(d).
11
Let s = -43 + 36. Let h(f) = f**2 + 9*f - 3. Let w(t) = -2*t**2 - 19*t + 6. Let p(l) = 7*h(l) + 3*w(l). What are the prime factors of p(s)?
2
Let v = 2 + 20. Let g = v - 49. Let q = g - -39. List the prime factors of q.
2, 3
Let n(d) = d**3 + 6*d**2 + 2*d - 5. Let r(w) = w**3 + 6*w**2 - 7*w - 5. Let l be r(-7). What are the prime factors of n(l)?
2, 5
Suppose -5*t = -5*j + 270, -j = -4*j + 2*t + 163. What are the prime factors of j?
5, 11
Let a be 2 + -2 + 1 - -36. Let j = a - 16. Let p = j - 12. What are the prime factors of p?
3
Let p be (-2)/(-2*1/4). Suppose -3*b - 4*h = 12 + 14, 0 = 5*b + p*h + 54. Let k = -4 - b. List the prime factors of k.
2, 5
Let f(s) = 23*s**3 + 1. What are the prime factors of f(1)?
2, 3
Let p(m) = 0*m - 8 - 13*m - 2*m - m**2. List the prime factors of p(-12).
2, 7
Suppose -a = -3*c - 14, 0*c = 2*c - 3*a + 7. Let v = 8 + c. Suppose 2*p + 0*l = -v*l + 9, 5*l = 2*p - 1. List the prime factors of p.
3
Let d(g) = 6 + g - 4 + 0*g. Let j be d(-2). Suppose 5*i = -3*m - 11, 4*m + 2*i = -j*m + 4. What are the prime factors of m?
3
Let n(i) = -i**2 + 8*i + 1. Let q be n(6). Suppose 0 = 6*j + 8 + 34. Let a = q + j. List the prime factors of a.
2, 3
Let p(z) = -z**2 - 14*z - 15. Let w = 10 - 20. List the prime factors of p(w).
5
Let d(s) = 51*s - 4. Let f be d(2). Suppose o - 3*o = -f. What are the prime factors of o?
7
Suppose -3*p + 24 = 9. Suppose 0 = g + 2*j - 13, -3*j - 86 = -5*g + 18. Suppose g = 2*z - p. List the prime factors of z.
2, 3
Suppose 1627 = 5*x - i, 0 = -5*x + i - 4*i + 1639. List the prime factors of x.
2, 163
Let x be (-24)/(-8) - (0 + 11). Let m = 4 - x. What are the prime factors of m?
2, 3
Suppose -7 = 3*c - 4*c. Suppose c = -q + 24. List the prime factors of q.
17
Let t(k) = k**2 + k + 2. Suppose -10 = 3*n - 2*v, -5*v + 15 = 5*n - 10. Suppose n = 5*x - 2*x. What are the prime factors of t(x)?
2
Let k(h) = -3*h - 6. Let a be (-22)/3 + 1/3. What are the prime factors of k(a)?
3, 5
Let r(o) = 16*o**2 - 1. Let m be r(1). Suppose g = -5*q + 105, -g + m = q - 2*g. Suppose -2*w = -2*s - 17 + 1, q = 3*w - 2*s. What are the prime factors of w?
2
Let n(g) be the second derivative of -g**4/12 - g**3 - g**2/2 + 3*g. What are the prime factors of n(-5)?
2
Let x(a) = -a + 2. Let m be x(-2). Let c be ((-1)/(-2))/((-2)/4). Let o = m + c. List the prime factors of o.
3
Suppose -l + 5 = -0. Suppose l*o - 123 = -23. What are the prime factors of o?
2, 5
Suppose -5*x + 3*y - y = -26, 4*y = -4*x + 32. Let h(l) = l**3 - 5*l**2 - 5*l + 6. What are the prime factors of h(x)?
2, 3
Suppose -u + 0*u = -3. Suppose -5*i - 4*z + 115 = 17, 0 = -3*i + u*z + 48. List the prime factors of i.
2, 3
Let r(o) = -o**3 + 18*o**2 - 13*o + 4. What are the prime factors of r(17)?
2, 3
Suppose 0 = 2*n